ppose -5*x + u = -0*x - 25, 3*u - z = -3*x. Let h(t) = x - 1 + 4*t**2 - 7*t + 13*t - 3*t**2. Give h(-5).
0
Let n(k) = -k**3 - 5*k**2 + 10*k + 9. Let i(j) = -5*j**3 - 19*j**2 + 41*j + 38. Let v(m) = -2*i(m) + 9*n(m). Determine v(6).
17
Let j(t) = -5 + 5*t**2 + 2 + 10 - 4*t**2 + t. What is j(0)?
7
Let s be (-161)/46*48/(-28). Let g(y) = -2*y + 9. What is g(s)?
-3
Let z be -1*((-16)/(-8) + -1). Let l(u) = 34*u**2 - u - 1. Determine l(z).
34
Let w(i) = -i**2 + 7*i - 1. Let d(s) = s**3 + 34*s**2 - 38*s - 99. Let y be d(-35). Give w(y).
5
Let h(a) = a - 1. Let v be 2/(-14) - 12/14. Let u = -9 - v. Let o be u/(-44) - 64/(-11). Give h(o).
5
Let q(h) = -h - 2. Let g be q(-4). Let d(j) be the third derivative of 1/6*j**3 - 1/8*j**4 + 0*j + 4*j**g + 0. Give d(1).
-2
Let j = 1721 - 1714. Let q(t) = -t**3 + 8*t**2 - 12*t + 37. Determine q(j).
2
Let u(w) be the first derivative of -w**2 + 4*w - 3. Determine u(-3).
10
Let u(o) be the first derivative of o**4/4 + 14*o**3/3 - o**2/2 - 10*o + 172. Determine u(-14).
4
Let o(u) be the first derivative of -u**4/4 - 13*u**3/3 - 23*u**2/2 - 7*u + 400. Calculate o(-11).
4
Suppose g + 1 - 9 = 0. Let m(j) = -g*j + 6*j + j**2 + 0*j - 1 + 3*j + j**3. Calculate m(-2).
-7
Let g(k) = -k**3 + 4*k**2 - 3. Suppose 3*o - m = -27 - 14, -2*m + 43 = -3*o. Let h = o + 18. Suppose 0 = h*d - 14 - 1. Determine g(d).
6
Let j(k) = -11*k - 3. Let f(t) = 20*t + 7. Let y(z) = -4*f(z) - 7*j(z). Calculate y(6).
-25
Let q(j) = -5*j + 285 - 91 - 98 - 98. Give q(2).
-12
Let j be (1/(15/20))/((-4)/(-18)). Let y(p) = p**2 - 4*p + 8. Let z(q) = q. Let w(r) = y(r) - 2*z(r). Calculate w(j).
8
Let h = -76 + 76. Let o(s) = -10 + 9 + h*s - 3*s. Determine o(-3).
8
Let h(g) = g**2 - 4*g - 30. Let k be h(8). Let j(t) = -11*t**2 - 2 + 10*t**k - 3*t + 11*t. Give j(6).
10
Let f(c) be the first derivative of c**4/4 + 4*c**3/3 - 2*c**2 - 4*c - 50. Suppose -6*n - 25 = 5. Give f(n).
-9
Let j be (-2 + -1)*(-24 + 21 - -5). Let z(g) = -g**3 - 5*g**2 + 2*g - 7. What is z(j)?
17
Let n(z) = 9*z + 4. Let x(v) = 13*v + 5. Let q(r) = -7*n(r) + 5*x(r). What is q(-4)?
-11
Suppose 4*c = 1 - 29. Let a be 2/c + (-648)/84. Let w(z) = 3*z**3 + 8*z - 4*z**3 - 9 + 4*z**3 - 7*z**2 - 4*z**3. Give w(a).
-9
Let a(o) = o**3 - 6*o**2 + 7*o - 6. Let g be a(5). Let w be (0 - 4) + -6 + 12. Let m(p) = -g*p**w + 4 - 5 + 0*p + 0*p. Determine m(-1).
-5
Let j(y) = -y**3 + 3*y**2 - 2*y + 4. Let r(g) = 2*g**3 - 6*g**2 + 4*g - 9. Let v(z) = 9*j(z) + 4*r(z). Determine v(3).
-6
Let h = -22 - -21. Let j be (3/(-2))/(h/2). Let r(b) = -3*b + 4. Determine r(j).
-5
Suppose -p + 42 - 8 = 0. Suppose p*s = 36*s - 2. Let n(h) = -6*h. Determine n(s).
-6
Let x(n) = n**3 + 5*n**2 + 3*n - 3. Let g = 15 - 1. Suppose -2*r = 2*r - 56. Suppose 0 = 4*h - 2*d + g, 3*d - 1 = 4*h + r. Give x(h).
6
Suppose 2*s - 6 = 2*f, -2*s + 6 = -3*f + 2. Let g be 0 + f/(-8) + 260/80. Let r(l) = l**2 - 4*l + 3. Determine r(g).
0
Suppose 5*n = -h + 10, -3*h - 1 = -2*n + 3. Let p(t) = t + 32*t**3 - 3*t**2 + 2*t**n - 30*t**3. What is p(1)?
2
Let b(t) = -12 + 20 - 3*t**2 - 10*t + 4*t**2. Determine b(7).
-13
Suppose 0*u + 2*u = -2*c + 6, -5*c = -u - 3. Suppose -u*i - 18 = i. Let p(o) = 2*o - 13. Let g(d) = d - 6. Let b(s) = i*p(s) + 13*g(s). Give b(-3).
-3
Suppose -8*f = -f. Suppose -2*l + 2 = -f*l. Let d(x) = x**3 + x**2 - x. Calculate d(l).
1
Suppose 3*m - 27 = -3*z, 4*z - z + 8 = 4*m. Suppose -5*j = z*x - 12, -2*x + 0*x = j. Let i(b) = -b**3 + 5*b**2 - 2*b - 4. Give i(j).
4
Suppose -2*j + 9 = 3*r - 5, 3*j - 6 = -2*r. Suppose 3*g + r = -3*y - 3, 7 = -g - 5*y. Let f(v) = 0 + 3*v**2 - 3 + 4 + v. Calculate f(g).
11
Suppose 3*z + 4*i = 0, 36*z = 40*z - 4*i. Let o(f) be the third derivative of 1/6*f**4 - 3*f**2 + 1/60*f**6 + 0*f - 1/15*f**5 - 1/2*f**3 + z. What is o(2)?
5
Suppose 2*i = -3*i - 25. Let c = 6 + i. Let v(n) = -7*n**2 + 4*n. Let q(u) = 99*u**2 - 55*u. Let k(j) = 4*q(j) + 55*v(j). Calculate k(c).
11
Let t(r) = r**2 - 4*r - 4. Let l(d) = 45*d**2 - 42*d + 1. Let b be l(1). Calculate t(b).
-4
Suppose 0 = 83*c + 361 + 137. Let i(z) = -z**2 - 8*z - 11. Give i(c).
1
Let d(s) be the first derivative of -s**2/2 - 4*s - 12. Suppose 3*t = -3*t + 120. Suppose -g - 3*g = t. Calculate d(g).
1
Let t be (156/(-132) - (-4)/22) + 7. Suppose -17 = -t*k - 5. Let l(p) = 8*p. Determine l(k).
16
Let a be 1/((-3)/3*1). Let m be (1*a)/((-10)/20). Let r(o) = -o**3 + 2 + 4*o**m + 7*o + 4 - 6*o**2. What is r(-4)?
10
Suppose -3*m = 3*m - 24. Let l(o) = -o - 9 + 5*o**2 - 2*o**2 - m*o**2 + 11. Calculate l(-3).
-4
Let b(y) = -y**2 + y + 1. Let w(o) = -2*o**3 + o**2 - o - 1. Let u(z) = -b(z) - 2*w(z). Calculate u(-1).
-5
Let u(l) = -22*l**2 - 3*l + 3. Let j be (5/(-10))/(((-52)/(-8))/(-13)). Give u(j).
-22
Let h(q) be the second derivative of -q**5/40 - q**4/3 - 2*q**3 - 26*q. Let j(i) be the second derivative of h(i). Suppose -2*w + 30 = -7*w. Determine j(w).
10
Let z(o) = -9*o**3 - 2*o**2 - o. Let p be ((-4)/(-6))/((-10)/(-45)). Let m be 16/p - (-7)/(-21). Let c be (-4)/1 - (-8 + m). Give z(c).
8
Let r(s) = -2*s**3 - 24*s**2 - 7*s - 26. Let y(m) = m**3 + m**2 + 6*m + 1. Let d(c) = r(c) + y(c). What is d(-23)?
-2
Suppose 3*m - m + 2*b = 28, -3*m - 5*b = -50. Let h(d) = d**3 + 1549*d**2 - 14 + d - 3116*d**2 + 1557*d**2. Give h(m).
-4
Let v(s) = -s**2 + 30*s**2 - 14*s**2 - 9 - 16*s - 16*s**2. Calculate v(-15).
6
Let t(c) = 5*c + 1. Let s(d) = 6*d. Let w(b) = 3*s(b) - 4*t(b). Let i(v) = v**2 - 11*v - 355. Let f be i(-14). Calculate w(f).
6
Let t(c) = 16*c - 2. Let o be t(-6). Let s be (-2)/7 + (-224)/o. Let u(n) = -n**3 + 2*n**2 - 3*n + 1. Calculate u(s).
-5
Let n(v) = 5*v - 1964*v**2 - 1 + v + 1962*v**2 - 3. Let p(b) = 4*b**2 + b - 1. Let f be p(1). Determine n(f).
-12
Let o(v) = 8*v**2 - v. Let n = 108 + -106. Determine o(n).
30
Let v(k) = -2*k - 9. Let l be v(-6). Suppose -2*b = -l*q + 5*q - 4, -4*q = b - 17. Let p(m) = 1 + 0 - 18*m**3 - 3 + 17*m**3 - q*m - 5*m**2. Give p(-3).
-5
Let o(k) = -k**2 - 3*k - 6. Let a be 3/9 - (-4)/6. Let b = -32 - -48. Let q be (a + 0)/((-4)/b). Determine o(q).
-10
Let f(i) = -i**3 - 3*i**2 - 2*i - 1. Let j(l) = 2*l**3 + l**2 + 4*l + 2. Let x(v) = -f(v) - j(v). Give x(2).
-5
Let s(y) = y**3 - y**2 - y + 1. Suppose -16 = -4*m, -8 = -4*x + 3*m + 12. Let i be ((-24)/10 - -3)*5. Suppose -2 = -3*r + 2*l - x, 0 = i*r + 2*l - 6. Give s(r).
1
Let a = -2 - 1. Let t(r) be the second derivative of -r**5/60 + r**4/24 + r**3/3 + 3*r. Let f(n) be the second derivative of t(n). Calculate f(a).
7
Let q(r) = 2*r**2 + 5*r - 2. Let b(l) = 2*l - 1. Let c(i) = 4*b(i) - q(i). Calculate c(3).
-11
Let j(i) = -3. Let l(y) = 2*y + 14. Let m(x) = 5*j(x) + l(x). Let r(p) = -p**3 + p**2 + p - 2. Let c be r(2). Calculate m(c).
-9
Let n(a) = -a - 20. Let v = 1674 - 1699. Give n(v).
5
Let k(p) = 4*p**2 + 4*p + 4. Let x be k(-2). Let q(n) = n + x + 0*n - 13. Give q(-2).
-3
Let z(a) = -6*a**2 - a + 1. Let s = 30 + -25. Let h be 6*3/6 + 0. Suppose -h*v - v - s*i - 21 = 0, -5*v - 3*i - 10 = 0. Determine z(v).
-6
Suppose 0 = 21*p - 16*p - y + 21, -4*p = -2*y + 18. Let v(h) = -h**2 - h + 8. Determine v(p).
-4
Suppose -14*q + 6*q = 0. Let v(n) be the third derivative of 0*n + 9*n**2 - 5/24*n**4 + q + 0*n**3. Calculate v(1).
-5
Let n(u) = u**3 + u**2 + u + 1. Let d(c) = 2*c**2 - 6*c - 5. Let k be (3 - 15/6)*2. Let v(l) = k*d(l) + n(l). Suppose 0*t = 2*t + 6. Give v(t).
11
Suppose 0 = -h - 3*c - 4, 3*h - 5*h = -5*c - 25. Let n(s) = -s**2 + 4*s - 3 + 5 - 1. Give n(h).
-4
Let u(y) be the first derivative of -2*y**3/3 + 3*y**2/2 + 11*y + 1. Let o(i) be the first derivative of u(i). What is o(2)?
-5
Let w(o) = -14*o**3 - 2*o**2 - 2*o - 1. Let f be (-140)/(-77) + (-2)/(-11). Suppose -3*h - f = -h. Give w(h).
13
Let a(j) = j**3 - 6*j**2 - 54*j - 8. Let c be a(11). Let t(q) = q**2 + 3*q + 4. Determine t(c).
22
Let s(n) be the first derivative of -n**3/3 - n**2 + 76. Give s(2).
-8
Let f = -530 + 536. Let u(v) = v**3 - 8*v**2 + 8*v + 4. Calculate u(f).
-20
Let k(b) = -2*b - 6. Suppose -11*r - 58 = 8. Determine k(r).
6
Let x(z) = 0 + 1 + z + 13*z**2 + 27*z**2 - 38*z**2. Calculate x(-1).
2
Let u(g) = -48*g + 3. Let o(x) = -14*x + 1. Let k(c) = 7*o(c) - 2*u(c). Give k(8).
-15
Let t(b) = 12*b + 3*b**2 + 4 + b**3 + 9*b**2 - 17*b**2 + 11*b**2 + 4*b**2. Give t(-9).
-23
Let b(f) = f*